+ k**3/3 + k**2 - 30*k - 5. What is d(-1)?
24
Let z(o) be the first derivative of o**7/840 + o**6/40 - o**5/120 - 3*o**4/8 + 26*o**3/3 - 8. Let d(r) be the third derivative of z(r). What is d(-9)?
0
Let l = -5376 + 5397. Let i(h) = 3*h - 61. What is i(l)?
2
Let d(u) = 21*u + 378. Let v(g) = -3*g**3 + 19*g**2 - 10*g + 6. Let c be v(6). Determine d(c).
0
Let o(x) be the second derivative of x**4/6 - x**3/6 - x**2/2 + 5627*x. Determine o(-1).
2
Let j(s) = 68*s - 267. Let o be j(4). Let n(w) = 4*w**2 - 14*w + 4. Let c(t) = 2*t**2 - 7*t + 2. Let z(f) = 13*c(f) - 6*n(f). Calculate z(o).
17
Let i(h) = -18*h + 9. Let c(s) = s**2 + 50*s - 18. Let t(a) = 2*c(a) + 5*i(a). Give t(-4).
1
Let f(w) = 10*w**3 + w**2 + w + 1. Suppose 0 = 12*d - 15*d + 174. Let y = 50 - d. Let l(v) = v**2 + 9*v + 7. Let h be l(y). What is f(h)?
-9
Let n(l) be the first derivative of -l**4/4 - 4*l**3/3 - 3*l**2 - 3*l - 2252. Determine n(-4).
21
Suppose 2*s - s + 6 = f, 4 = -f + 3*s. Let w(b) = b**2 - 2*b - 1. Let u(y) = -y**3 + 15*y**2 + 1. Let r(x) = u(x) - 5*w(x). Determine r(f).
-5
Let z(a) = -3*a**2 - 7*a - 4. Let w(d) = 9*d + 10. Let b be w(-1). Let m be -1 + b + (-12 - -8). Calculate z(m).
-24
Suppose 4*w + d = -633, 2*w - 5*d + 4*d = -315. Let u = 159 + w. Let n(v) = -24*v**3 + v**2 + v - 1. Give n(u).
-23
Let z(x) = 2*x**3 + 23*x**2 + 5*x + 2. Let i(b) = -b**3 - 17*b**2 - 5*b - 3. Let r(t) = 4*i(t) + 3*z(t). Give r(0).
-6
Let w(n) = 1 - 1 - 3*n + 5*n**2 + 3. Suppose -5*b - 2*o = -83 - 56, -3*b + 90 = -o. Suppose -3*q - 15 = -3*p, 8*p - 9*q - b = 7*p. What is w(p)?
17
Let m(d) = -d**2 - 3*d + 15. Let b = -3300 - -3294. Determine m(b).
-3
Let d(w) be the second derivative of -w**4/12 + 4*w**3/3 - 7*w**2/2 + 5*w + 3. Let l = 125 - 89. Suppose -n = -7*n + l. What is d(n)?
5
Let k(a) be the first derivative of a**4/4 + 5*a**3/3 - a**2/2 - 3*a + 1. Suppose 12*p + 14*p + 130 = 0. Let y be 48 - 48 - 2/(-2)*p. What is k(y)?
2
Let v(q) = 3*q**2 + 2*q - 13. Let w = -11496 + 11493. Calculate v(w).
8
Let p(x) = -17*x**2 + 3 + 18*x**2 - 2. Suppose 36*z - 66 - 42 = 0. Determine p(z).
10
Let c(r) = 4*r**3 + 8*r**2 + 2*r + 3. Let d be c(-2). Let t(n) = -46*n - 2. Calculate t(d).
44
Let m(w) = 5*w - 5. Let v(q) = -2*q**3 - 16*q**2 + 18*q - 4. Let u be v(-9). Let a be (-11)/u + 20/16. Give m(a).
15
Let a(u) = 7*u**2 - 11*u + 9. Let b(m) = 6*m**2 - 11*m + 7. Suppose 45*d = 47*d - 10. Let c(v) = d*a(v) - 6*b(v). What is c(11)?
3
Let t = 532 + -526. Let j(y) = 0 - t*y - 6 + 2 + y**2 + 0. Let s(u) = -u + 10. Let b be s(5). Calculate j(b).
-9
Let r be (5 - -1 - 3)*208/6. Suppose 0 = -10*y - r + 34. Let s = 11 + y. Let m(f) = f**2 - 3*f + 2. What is m(s)?
6
Let l(u) = 20*u**2 + u - 1. Let v(x) be the first derivative of -x**4/4 - x**3 + x**2 - 7*x + 112. Let s be v(-4). Give l(s).
20
Let j(v) = -v**2 - 14*v - 19. Let s be j(-12). Let n(x) = -s*x + 6*x - 5*x - x. Let b = 16 + -13. Determine n(b).
-15
Let q = -21 - -16. Let s(i) = -2*i - 28. Let a(y) = -2*y - 7. Let h(v) = -3*a(v) + s(v). Calculate h(q).
-27
Let i = -281 + 284. Suppose 3*m + i*k + 9 = 0, -2*m - 5*k + 18 = 9. Let z(w) = -w**3 - 8*w**2 + 4. What is z(m)?
4
Let u(f) = -1430*f**2 + f + f + 2 + 712*f**2 + 713*f**2 + 0*f + 0*f. Let d be -1*(0 - -1) - 1. Determine u(d).
-22
Suppose -25 = -4*v + m, 9*v = 11*v - 5*m - 17. Let d(r) = -6*r - v*r + 24*r - 7*r + 6 - 4*r. Give d(11).
17
Let g be (18/(-15) + (-1)/(-5))/(2/22). Let r(c) = 8*c + 89. What is r(g)?
1
Let y(r) be the third derivative of -r**5/20 - 3*r**4/4 + 5*r**3/2 - 462*r**2 - 2*r. Give y(-8).
-33
Let k(c) be the second derivative of c**4/12 + 13*c**3/3 + 28*c**2 - 523*c. Determine k(-23).
-13
Let l(m) be the first derivative of 19*m**3/3 + m**2/2 + 2*m - 10225. What is l(-1)?
20
Let h(n) = 16*n**2 + 5*n - 2. Let u be h(1). Suppose -u*c = -31*c + 60. Let b(g) = -g**3 + 5*g**2 - 5. Determine b(c).
-5
Suppose 3*z - f - 18 = 2*f, 3*z + f = 14. Suppose -r - w + 10 = 0, -2*w = 2*r - w - 17. Let l(v) = r*v - 5 + 7 - 8 + v**2 - 2*v**2. Calculate l(z).
4
Let r be (14/(-5))/(42/(-1365)). Let j(h) = 27*h**2 + h + 32*h**2 - 2 - r*h**2 + 31*h**2. Give j(0).
-2
Let h(b) = 13*b + 2. Let s be (2/(-4))/((-1)/14) - 2. Let c(j) = -2*j. Let p(a) = s*c(a) + h(a). Calculate p(4).
14
Let g(d) = -d**3 + 4*d**2 - 3*d + 1. Let i(s) = s**2 + s - 55. Let l be i(7). Give g(l).
1
Let z(p) be the third derivative of -p**6/120 - p**5/15 + p**4/24 - p**3/2 + 784*p**2. Determine z(-3).
-15
Let f(o) be the second derivative of -o**3/6 + 4*o**2 + 5*o. Let m be (-16)/6*(-18)/8. Let x be ((-8)/6)/(m*(-4)/108). Calculate f(x).
2
Suppose 0 = -3*m - 2*o - 2, 3*o + 4 = 2*m - o. Let k be 1/2*m*-1. Let d(u) = u**2 - u + 10. Give d(k).
10
Let u(n) = n**2 - n - 15. Let t(c) = 2*c**2 - 2*c - 32. Let x(y) = 4*t(y) - 9*u(y). Let d be 0/(4 + 8/(-4)). Calculate x(d).
7
Let d(z) = -162*z - 1455. Let p be d(-9). Let i(g) be the second derivative of -1/12*g**4 + 0*g**3 + 0 - p*g - 15/2*g**2. Calculate i(0).
-15
Let o(y) be the first derivative of 4/3*y**3 - 1/4*y**4 + y**2 + 4*y + 60. What is o(5)?
-11
Let u(c) = 3435 + 3430 - 6880 + 27*c. Calculate u(1).
12
Let g(j) = 4*j**2 + 19*j + 4. Let v(f) = 15*f**2 + 76*f + 2. Let d(s) = -22*g(s) + 6*v(s). What is d(2)?
8
Let i(g) = -3*g**2 - g + 1. Let b be i(1). Let c(x) = 2536 - x + 2*x**2 + 0*x**2 - 2537. Let f(j) = 2*j**2 - 2*j - 2. Let r(t) = 2*c(t) - f(t). What is r(b)?
18
Let j(u) = -33 + 8*u + 64 - 33. Let b(t) be the first derivative of 6*t**2 - 3*t + 1. Let d(f) = -5*b(f) + 8*j(f). What is d(3)?
11
Suppose -4*t + 4 + 4 = 3*w, t - 2 = w. Suppose 1 = -b + t*d - 8, -5*b - 5*d - 15 = 0. Let p(m) = 4*m**2 + 737*m - 375*m - 366*m + m**3 - 7. Calculate p(b).
-12
Let i(x) = -3*x**2 + 5*x + 12. Let w(v) = -2*v**2 + 6*v + 11. Let l(t) = 3*i(t) - 4*w(t). Suppose 3*k - 4*k = -7. Let z be 0 + 1 + k/((-35)/40). Give l(z).
6
Let f(g) = 9*g**2 - 7*g**2 + 6*g - 3 - 9*g. Suppose 4*h + 2*c - 18 = 0, 0 = 2*h - 4*h + 2*c. Determine f(h).
6
Suppose 2*t = 3*j - 5, 0*t - 5*t + 22 = 4*j. Let d(p) be the first derivative of -30 + 1/3*p**3 + 11/2*p**t + 9*p. Determine d(-9).
-9
Suppose -u - 24 = 2*u. Let j(p) = -2*p - 7. Let c(x) = -x - 5. Suppose -144*f - 30*f - 40 = -910. Let h(i) = f*j(i) + u*c(i). Calculate h(-7).
19
Let n(t) = t - 5. Let l be n(9). Let q be (0 + (-340)/(-2))*2. Let b(v) = 5 - 171*v + q*v - 172*v. What is b(l)?
-7
Let m be 6/(-3) + (-10)/3 + (-86)/129. Let z(s) = 7*s**2 + 12*s. Let h(k) = -3*k**2 - 6*k. Let q(t) = 5*h(t) + 2*z(t). Determine q(m).
0
Let u(f) = f**3 - 12*f**2 - 13*f + 8. Let x(d) = d**2. Let c(l) = u(l) + 2*x(l). Let z(a) = 10*a - 89. Let v be z(10). Give c(v).
-14
Let q = -534 + 536. Let v(u) = 3 - 4*u**2 + 14 - 6 + 7*u**q - 7 - u**3. Give v(4).
-12
Let n(a) = -15*a**2 - 10*a + 19. Let g(v) = 8*v**2 + 6*v - 9. Let y(o) = 11*g(o) + 6*n(o). Give y(7).
-41
Let c(o) be the first derivative of o**4/4 - 16*o**3/3 - 33*o**2/2 - 20*o + 4816. Determine c(18).
34
Let h(t) = 20*t. Let w be (4/10)/(27/20790). Let a = -307 + w. What is h(a)?
20
Let y(o) be the second derivative of -o**4/12 + o**3/3 - 2*o**2 - 20*o. Let f be y(0). Let l(s) = -4*s + 4. Calculate l(f).
20
Suppose 25*i + 11 = 14*i. Let p(n) = -2*n - 1. Let f(h) = -h**2 - 2*h + 7. Let v(t) = i*f(t) - 2*p(t). Calculate v(-8).
11
Let l(p) = -3*p**3 + 3*p**2 - 4*p + 3. Let x(n) = n + 5. Let w be 3 - 4*27/12. Let q be x(w). Let g be 0 - 2 - q*(-24)/(-6). Give l(g).
-17
Let f(k) = -265*k + 25. Let r(d) = 22*d + 1. Let w(t) = -22*t. Let h(y) = -2*r(y) - 3*w(y). Let b(x) = -2*f(x) - 25*h(x). What is b(-1)?
20
Let t be 3/(4 + 70/(-16)). Let d be (t - -4) + 0 + -2. Let v(f) be the second derivative of -f**3/6 - 3*f**2/2 + 4*f. Determine v(d).
3
Let h(g) be the third derivative of 0 - 3/8*g**4 - 1/60*g**5 - 3*g**2 + 0*g**3 + 0*g. Suppose 131 = -13*n + 40. Give h(n).
14
Suppose 66*o + 640 = 130*o. Let q(g) = -2*g**2 + 27*g - 22. Determine q(o).
48
Let v(n) be the third derivative of -n**5/60 - n**4/4 - n**2. Suppose -8*q + 94 = -42. Suppose -4*b - 3 - q = 0. Calculate v(b).
5
Suppose -2 = 4*l - 14. Suppose -l*q - 13 = 14. Let d be q*(-2)/(-3) + 3. Let v(r) = 4*r - 3. Determine v(d).
-15
Let y(d) be the first derivative of d**3/6 - 64*d + 78. Let z(m) be the first derivative of y(m). Suppose 5*f + 0*f + 30 = 0. Give z(f).
-6
Let